{"version":"1.0","provider_name":"FRBSE - KBRSF","provider_url":"https:\/\/equibel.be\/fr\/","author_name":"Silke Hamerlinck","author_url":"https:\/\/equibel.be\/fr\/author\/silke_hamerlinck\/","title":"Nouveau pr\u00e9sident belge pour le Mouvement Olympique - FRBSE - KBRSF","type":"rich","width":600,"height":338,"html":"<blockquote class=\"wp-embedded-content\" data-secret=\"5msjpv5oKW\"><a href=\"https:\/\/equibel.be\/fr\/nouveau-president-belge-pour-le-mouvement-olympique\/\">Nouveau pr\u00e9sident belge pour le Mouvement Olympique<\/a><\/blockquote><iframe sandbox=\"allow-scripts\" security=\"restricted\" src=\"https:\/\/equibel.be\/fr\/nouveau-president-belge-pour-le-mouvement-olympique\/embed\/#?secret=5msjpv5oKW\" width=\"600\" height=\"338\" title=\"\u00ab\u00a0Nouveau pr\u00e9sident belge pour le Mouvement Olympique\u00a0\u00bb &#8212; FRBSE - KBRSF\" data-secret=\"5msjpv5oKW\" frameborder=\"0\" marginwidth=\"0\" marginheight=\"0\" scrolling=\"no\" class=\"wp-embedded-content\"><\/iframe><script>\n\/*! This file is auto-generated *\/\n!function(d,l){\"use strict\";l.querySelector&&d.addEventListener&&\"undefined\"!=typeof URL&&(d.wp=d.wp||{},d.wp.receiveEmbedMessage||(d.wp.receiveEmbedMessage=function(e){var t=e.data;if((t||t.secret||t.message||t.value)&&!\/[^a-zA-Z0-9]\/.test(t.secret)){for(var s,r,n,a=l.querySelectorAll('iframe[data-secret=\"'+t.secret+'\"]'),o=l.querySelectorAll('blockquote[data-secret=\"'+t.secret+'\"]'),c=new RegExp(\"^https?:$\",\"i\"),i=0;i<o.length;i++)o[i].style.display=\"none\";for(i=0;i<a.length;i++)s=a[i],e.source===s.contentWindow&&(s.removeAttribute(\"style\"),\"height\"===t.message?(1e3<(r=parseInt(t.value,10))?r=1e3:~~r<200&&(r=200),s.height=r):\"link\"===t.message&&(r=new URL(s.getAttribute(\"src\")),n=new URL(t.value),c.test(n.protocol))&&n.host===r.host&&l.activeElement===s&&(d.top.location.href=t.value))}},d.addEventListener(\"message\",d.wp.receiveEmbedMessage,!1),l.addEventListener(\"DOMContentLoaded\",function(){for(var e,t,s=l.querySelectorAll(\"iframe.wp-embedded-content\"),r=0;r<s.length;r++)(t=(e=s[r]).getAttribute(\"data-secret\"))||(t=Math.random().toString(36).substring(2,12),e.src+=\"#?secret=\"+t,e.setAttribute(\"data-secret\",t)),e.contentWindow.postMessage({message:\"ready\",secret:t},\"*\")},!1)))}(window,document);\n\/\/# sourceURL=https:\/\/equibel.be\/wp-includes\/js\/wp-embed.min.js\n<\/script>\n","description":"Ingmar De Vos \u00e9lu \u00e0 la pr\u00e9sidence de l\u2019Association des f\u00e9d\u00e9rations internationales des sports olympiques d\u2019\u00e9t\u00e9 \u00c0 l\u2019aube des Jeux Olympiques d\u2019\u00e9t\u00e9 de Paris, un autre belge prend les r\u00eanes d\u2019une des institutions principales du Mouvement Olympique. Le Belge Ingmar De Vos, pr\u00e9sident de la F\u00e9d\u00e9ration Equestre Internationale (FEI) depuis 2014, a \u00e9t\u00e9 \u00e9lu \u00e0 [&hellip;]","thumbnail_url":"https:\/\/equibel.be\/wp-content\/uploads\/2024\/04\/ASOIFPresident_001-1024x683.jpg"}

Nouveau président belge pour le Mouvement Olympique - FRBSE - KBRSF

<blockquote class="wp-embedded-content" data-secret="5msjpv5oKW"><a href="https://equibel.be/fr/nouveau-president-belge-pour-le-mouvement-olympique/">Nouveau président belge pour le Mouvement Olympique</a></blockquote><iframe sandbox="allow-scripts" security="restricted" src="https://equibel.be/fr/nouveau-president-belge-pour-le-mouvement-olympique/embed/#?secret=5msjpv5oKW" width="600" height="338" title="« Nouveau président belge pour le Mouvement Olympique » &#8212; FRBSE - KBRSF" data-secret="5msjpv5oKW" frameborder="0" marginwidth="0" marginheight="0" scrolling="no" class="wp-embedded-content"></iframe><script>
/*! This file is auto-generated */
!function(d,l){"use strict";l.querySelector&&d.addEventListener&&"undefined"!=typeof URL&&(d.wp=d.wp||{},d.wp.receiveEmbedMessage||(d.wp.receiveEmbedMessage=function(e){var t=e.data;if((t||t.secret||t.message||t.value)&&!/[^a-zA-Z0-9]/.test(t.secret)){for(var s,r,n,a=l.querySelectorAll('iframe[data-secret="'+t.secret+'"]'),o=l.querySelectorAll('blockquote[data-secret="'+t.secret+'"]'),c=new RegExp("^https?:$","i"),i=0;i<o.length;i++)o[i].style.display="none";for(i=0;i<a.length;i++)s=a[i],e.source===s.contentWindow&&(s.removeAttribute("style"),"height"===t.message?(1e3<(r=parseInt(t.value,10))?r=1e3:~~r<200&&(r=200),s.height=r):"link"===t.message&&(r=new URL(s.getAttribute("src")),n=new URL(t.value),c.test(n.protocol))&&n.host===r.host&&l.activeElement===s&&(d.top.location.href=t.value))}},d.addEventListener("message",d.wp.receiveEmbedMessage,!1),l.addEventListener("DOMContentLoaded",function(){for(var e,t,s=l.querySelectorAll("iframe.wp-embedded-content"),r=0;r<s.length;r++)(t=(e=s[r]).getAttribute("data-secret"))||(t=Math.random().toString(36).substring(2,12),e.src+="#?secret="+t,e.setAttribute("data-secret",t)),e.contentWindow.postMessage({message:"ready",secret:t},"*")},!1)))}(window,document);
//# sourceURL=https://equibel.be/wp-includes/js/wp-embed.min.js
</script>

Ingmar De Vos élu à la présidence de l’Association des fédérations internationales des sports olympiques d’été À l’aube des Jeux Olympiques d’été de Paris, un autre belge prend les rênes d’une des institutions principales du Mouvement Olympique. Le Belge Ingmar De Vos, président de la Fédération Equestre Internationale (FEI) depuis 2014, a été élu à [&hellip;]
