{"version":"1.0","provider_name":"FRBSE - KBRSF","provider_url":"https:\/\/equibel.be\/fr\/","author_name":"Jana Meulders","author_url":"https:\/\/equibel.be\/fr\/author\/jana_meulders\/","title":"F\u00eate des meneurs 2025! - FRBSE - KBRSF","type":"rich","width":600,"height":338,"html":"<blockquote class=\"wp-embedded-content\" data-secret=\"yoURxwSera\"><a href=\"https:\/\/equibel.be\/fr\/fete-des-meneurs-2025\/\">F\u00eate des meneurs 2025!<\/a><\/blockquote><iframe sandbox=\"allow-scripts\" security=\"restricted\" src=\"https:\/\/equibel.be\/fr\/fete-des-meneurs-2025\/embed\/#?secret=yoURxwSera\" width=\"600\" height=\"338\" title=\"\u00ab\u00a0F\u00eate des meneurs 2025!\u00a0\u00bb &#8212; FRBSE - KBRSF\" data-secret=\"yoURxwSera\" frameborder=\"0\" marginwidth=\"0\" marginheight=\"0\" scrolling=\"no\" class=\"wp-embedded-content\"><\/iframe><script>\n\/*! This file is auto-generated *\/\n!function(d,l){\"use strict\";l.querySelector&&d.addEventListener&&\"undefined\"!=typeof URL&&(d.wp=d.wp||{},d.wp.receiveEmbedMessage||(d.wp.receiveEmbedMessage=function(e){var t=e.data;if((t||t.secret||t.message||t.value)&&!\/[^a-zA-Z0-9]\/.test(t.secret)){for(var s,r,n,a=l.querySelectorAll('iframe[data-secret=\"'+t.secret+'\"]'),o=l.querySelectorAll('blockquote[data-secret=\"'+t.secret+'\"]'),c=new RegExp(\"^https?:$\",\"i\"),i=0;i<o.length;i++)o[i].style.display=\"none\";for(i=0;i<a.length;i++)s=a[i],e.source===s.contentWindow&&(s.removeAttribute(\"style\"),\"height\"===t.message?(1e3<(r=parseInt(t.value,10))?r=1e3:~~r<200&&(r=200),s.height=r):\"link\"===t.message&&(r=new URL(s.getAttribute(\"src\")),n=new URL(t.value),c.test(n.protocol))&&n.host===r.host&&l.activeElement===s&&(d.top.location.href=t.value))}},d.addEventListener(\"message\",d.wp.receiveEmbedMessage,!1),l.addEventListener(\"DOMContentLoaded\",function(){for(var e,t,s=l.querySelectorAll(\"iframe.wp-embedded-content\"),r=0;r<s.length;r++)(t=(e=s[r]).getAttribute(\"data-secret\"))||(t=Math.random().toString(36).substring(2,12),e.src+=\"#?secret=\"+t,e.setAttribute(\"data-secret\",t)),e.contentWindow.postMessage({message:\"ready\",secret:t},\"*\")},!1)))}(window,document);\n\/\/# sourceURL=https:\/\/equibel.be\/wp-includes\/js\/wp-embed.min.js\n<\/script>\n","description":"C&rsquo;est avec grand plaisir que la commission nationale d\u2019attelage vous invite \u00e0 la f\u00eate des meneurs le samedi 11 octobre 2025. La f\u00eate des meneurs aura lieu \u00e0 la Brasserie de l\u2019A\u00e9rodrome de Temploux \u00e0 Namur. L&rsquo;invitation se trouve en annexe de ce mail. Inscrivez-vous via Google Forms avant le 1\/10\/2025 La r\u00e9servation sera valid\u00e9e [&hellip;]","thumbnail_url":"https:\/\/equibel.be\/wp-content\/uploads\/2025\/09\/Invite-FR.jpg","thumbnail_width":1414,"thumbnail_height":2000}

Fête des meneurs 2025! - FRBSE - KBRSF

<blockquote class="wp-embedded-content" data-secret="yoURxwSera"><a href="https://equibel.be/fr/fete-des-meneurs-2025/">Fête des meneurs 2025!</a></blockquote><iframe sandbox="allow-scripts" security="restricted" src="https://equibel.be/fr/fete-des-meneurs-2025/embed/#?secret=yoURxwSera" width="600" height="338" title="« Fête des meneurs 2025! » &#8212; FRBSE - KBRSF" data-secret="yoURxwSera" frameborder="0" marginwidth="0" marginheight="0" scrolling="no" class="wp-embedded-content"></iframe><script>
/*! This file is auto-generated */
!function(d,l){"use strict";l.querySelector&&d.addEventListener&&"undefined"!=typeof URL&&(d.wp=d.wp||{},d.wp.receiveEmbedMessage||(d.wp.receiveEmbedMessage=function(e){var t=e.data;if((t||t.secret||t.message||t.value)&&!/[^a-zA-Z0-9]/.test(t.secret)){for(var s,r,n,a=l.querySelectorAll('iframe[data-secret="'+t.secret+'"]'),o=l.querySelectorAll('blockquote[data-secret="'+t.secret+'"]'),c=new RegExp("^https?:$","i"),i=0;i<o.length;i++)o[i].style.display="none";for(i=0;i<a.length;i++)s=a[i],e.source===s.contentWindow&&(s.removeAttribute("style"),"height"===t.message?(1e3<(r=parseInt(t.value,10))?r=1e3:~~r<200&&(r=200),s.height=r):"link"===t.message&&(r=new URL(s.getAttribute("src")),n=new URL(t.value),c.test(n.protocol))&&n.host===r.host&&l.activeElement===s&&(d.top.location.href=t.value))}},d.addEventListener("message",d.wp.receiveEmbedMessage,!1),l.addEventListener("DOMContentLoaded",function(){for(var e,t,s=l.querySelectorAll("iframe.wp-embedded-content"),r=0;r<s.length;r++)(t=(e=s[r]).getAttribute("data-secret"))||(t=Math.random().toString(36).substring(2,12),e.src+="#?secret="+t,e.setAttribute("data-secret",t)),e.contentWindow.postMessage({message:"ready",secret:t},"*")},!1)))}(window,document);
//# sourceURL=https://equibel.be/wp-includes/js/wp-embed.min.js
</script>

C&rsquo;est avec grand plaisir que la commission nationale d’attelage vous invite à la fête des meneurs le samedi 11 octobre 2025. La fête des meneurs aura lieu à la Brasserie de l’Aérodrome de Temploux à Namur. L&rsquo;invitation se trouve en annexe de ce mail. Inscrivez-vous via Google Forms avant le 1/10/2025 La réservation sera validée [&hellip;]
